nd 196.
28
What is the highest common divisor of 35238074 and 193942?
3958
Calculate the greatest common divisor of 250536 and 46145.
11
What is the highest common factor of 256 and 83635904?
64
Calculate the greatest common factor of 48236106 and 138.
138
Calculate the highest common divisor of 8 and 8850502.
2
What is the highest common divisor of 30402026 and 398?
398
Calculate the highest common divisor of 7061 and 144290.
307
What is the greatest common factor of 31195899 and 5334?
2667
What is the greatest common factor of 518311050 and 30?
30
Calculate the highest common factor of 2 and 9024045.
1
Calculate the highest common factor of 23363304 and 153.
51
What is the highest common divisor of 7232940 and 3795?
165
Calculate the highest common factor of 470734 and 8140.
22
Calculate the highest common factor of 12110 and 35065.
5
Calculate the highest common divisor of 930 and 1944010.
310
Calculate the greatest common divisor of 156233 and 407176.
77
Calculate the greatest common factor of 1283001 and 33.
3
Calculate the highest common divisor of 331876 and 1937084.
116
What is the greatest common divisor of 98613954 and 75744?
4734
Calculate the highest common factor of 15425556 and 7248.
1812
Calculate the highest common divisor of 418673 and 435.
29
What is the highest common factor of 1352826 and 22406?
34
Calculate the highest common factor of 22354101 and 549.
9
What is the greatest common divisor of 12080256 and 768?
384
Calculate the highest common divisor of 132 and 163873204.
44
Calculate the highest common factor of 336674 and 2760966.
598
Calculate the highest common divisor of 170 and 23183620.
10
Calculate the highest common divisor of 100792 and 1288624.
344
What is the greatest common divisor of 55418674 and 1258?
1258
What is the highest common factor of 101381474 and 159?
53
What is the greatest common divisor of 281122 and 1610132?
766
What is the greatest common factor of 562189 and 2369?
23
Calculate the greatest common divisor of 40678 and 492866.
946
Calculate the highest common factor of 5192673 and 12.
3
What is the highest common divisor of 68 and 196558522?
34
What is the highest common factor of 29570172 and 72?
12
Calculate the highest common divisor of 40 and 96637320.
40
Calculate the greatest common factor of 925647 and 29693.
1291
Calculate the greatest common factor of 20784906 and 6564.
3282
Calculate the highest common factor of 448823546 and 58.
58
Calculate the highest common divisor of 5947227 and 99.
99
Calculate the greatest common divisor of 296472 and 554136.
264
Calculate the highest common divisor of 1035153838 and 2638.
2638
Calculate the highest common factor of 1211 and 600194.
7
Calculate the greatest common divisor of 107620 and 260.
20
Calculate the greatest common divisor of 204 and 274812.
12
Calculate the greatest common divisor of 429784 and 3968.
248
What is the greatest common factor of 8642 and 154338?
58
What is the greatest common factor of 104142 and 32062?
34
Calculate the greatest common factor of 192 and 160964112.
48
What is the highest common divisor of 59349655 and 1705?
155
Calculate the highest common factor of 2858256 and 3944.
8
What is the highest common divisor of 2906302 and 2702?
14
What is the greatest common divisor of 58389803 and 54977?
4229
Calculate the greatest common divisor of 2772 and 31038588.
252
What is the highest common factor of 929304 and 201456?
72
What is the greatest common divisor of 338259973 and 43?
43
Calculate the highest common divisor of 11492 and 39944.
4
What is the highest common factor of 355 and 3678297?
71
What is the highest common factor of 935 and 124084224?
187
Calculate the highest common factor of 7021288 and 104.
8
Calculate the highest common factor of 146956658 and 21206.
922
Calculate the greatest common divisor of 508512 and 162048.
96
What is the greatest common factor of 68 and 1505996?
68
Calculate the greatest common factor of 7739601 and 50801.
1373
Calculate the greatest common factor of 24264814 and 1462.
1462
What is the highest common divisor of 176983316 and 1544?
772
What is the highest common divisor of 82417248 and 12?
12
What is the greatest common factor of 6109 and 217505?
41
What is the highest common factor of 16 and 2947795392?
16
Calculate the greatest common factor of 2773975 and 3210.
535
What is the highest common factor of 3804 and 675852?
12
Calculate the greatest common factor of 3524 and 28788.
4
Calculate the greatest common factor of 52 and 724687860.
52
Calculate the highest common divisor of 9761 and 6836786.
227
Calculate the greatest common divisor of 1524 and 499876.
4
Calculate the highest common divisor of 2065 and 11612755.
35
Calculate the highest common factor of 21788725 and 475.
475
What is the greatest common divisor of 143967 and 21201?
111
What is the highest common factor of 12169691 and 782?
23
What is the greatest common divisor of 12186336 and 15616?
1952
Calculate the highest common divisor of 15 and 624851145.
15
Calculate the greatest common divisor of 85 and 2033421.
17
Calculate the highest common factor of 207 and 1132848.
9
Calculate the highest common factor of 84 and 179107516.
28
What is the greatest common factor of 17622565 and 949?
73
Calculate the highest common divisor of 354 and 335651.
59
Calculate the greatest common factor of 6835698 and 144.
18
What is the greatest common factor of 19804853 and 6021?
223
Calculate the highest common divisor of 64151 and 29.
1
What is the highest common divisor of 282121 and 14133?
7
Calculate the greatest common divisor of 314917 and 1.
1
Calculate the greatest common divisor of 893628 and 28.
4
What is the greatest common divisor of 3604 and 20868962?
1802
Calculate the greatest common divisor of 137105 and 43265.
85
Calculate the greatest common factor of 10 and 66398485.
5
What is the greatest common divisor of 16509606 and 807?
807
Calculate the greatest common divisor of 721 and 4575775.
103
Calculate the greatest common factor of 512163258 and 406.
58
What is the greatest common divisor of 304 and 5795228?
76
What is the highest common factor of 1051192 and 2001?
667
Calculate the highest common divisor of 3468 and 42109901.
289
What is the highest common divisor of 352183 and 15067?
13
What is the highest common divisor of 57505885 and 15?
5
Calculate the greatest common factor of 217 and 58926133.
217
What is the greatest common divisor of 63215 and 3995?
235
Calculate the highest common divisor of 150 and 23933175.
75
Calculate the greatest common factor of 62713071 and 15.
3
What is the greatest common divisor of 45 and 82763127?
9
What is the highest common factor of 11856690 and 197118?
846
Calculate the highest common divisor of 186801 and 48990.
213
What is the greatest common factor of 69668778 and 16044?
1146
What is the greatest common factor of 2936414 and 1274?
26
Calculate the greatest common divisor of 2775 and 18809727.
111
What is the greatest common divisor of 64344 and 449736?
168
What is the greatest common divisor of 381 and 16637?
127
Calculate the greatest common divisor of 14560290 and 2250.
90
What is the greatest common divisor of 999089 and 6461?
91
What is the greatest common factor of 388717 and 22001?
49
What is the greatest common factor of 65042185 and 341?
31
Calculate the highest common factor of 6684 and 40064.
4
Calculate the highest common factor of 473 and 2516403.
43
What is the highest common factor of 137880 and 33420?
60
What is the greatest common divisor of 69 and 142583647?
23
Calculate the greatest common factor of 588654 and 40931.
11
Calculate the highest common factor of 1856 and 675091.
29
Calculate the highest common divisor of 118482 and 169715.
91
What is the greatest common divisor of 195 and 3806907?
39
Calculate the greatest common divisor of 5242257 and 19303.
199
Calculate the highest common divisor of 4622352 and 3584.
112
What is the highest common divisor of 7643733 and 23031?
2559
Calculate the greatest common factor of 2958164 and 1584.
44
Calculate the greatest common divisor of 7975 and 86074494.
319
What is the greatest common divisor of 71540 and 213640?
980
What is the highest common factor of 1014800 and 9440177?
2537
Calculate the highest 